5 = -d. Let z = j - d. What are the prime factors of z?
173
Suppose 0 = 6*p - 3*p + 3*o - 2049, 3*p - 8*o = 2071. What are the prime factors of p?
5, 137
Let a(c) = 45*c**3 + 9*c**2 + 4*c - 23. List the prime factors of a(6).
5, 7, 41
Suppose -4*d = -9*d + 65. Suppose 2650 = -3*m + d*m. Let r = m - 127. List the prime factors of r.
2, 3, 23
Suppose -5487436 = -99*z - 1578718. List the prime factors of z.
2, 19, 1039
Let a(g) = -g**2 + 21*g - 21. Suppose 0 = -7*k - 0*k + 140. Let f be a(k). List the prime factors of f/(-4 + 3148/788).
197
Suppose -4714 - 7382 = -61*f - 107*f. Let h(j) = 57*j - 1. Let q be h(1). Let g = f + q. What are the prime factors of g?
2
List the prime factors of (-12 - -12) + 3501 + (-6)/(-2).
2, 3, 73
Let b(f) = -187*f + 21. Let x be b(-4). What are the prime factors of 4 + (-3 - (5 - x))?
3, 5, 17
Let q(r) be the first derivative of 109*r**2/2 - 9*r - 67. What are the prime factors of q(7)?
2, 13, 29
Suppose 5 = -7*f - 72. List the prime factors of 1289/(f + 7 + 5).
1289
Suppose -5096*w + 3097 = -5094*w - 19517. List the prime factors of w.
3, 3769
Suppose 18 + 14 = 8*a. Suppose 5*f - 866 = a*z + 639, -903 = -3*f + 3*z. List the prime factors of f.
7, 43
Suppose -8*k = -7*k - 3*l - 17, 5*k = -l + 21. Suppose t - 2*v = 1132, 2*t = k*t + 2*v - 3436. List the prime factors of t.
2, 571
Suppose 239*p - 20550020 = -173*p + 32*p. What are the prime factors of p?
41, 1319
Let a(t) = -22*t - 46. Let r be ((-4)/(-8)*5)/((-1)/2). Let p be r - (14/(-21))/(3/(-18)). What are the prime factors of a(p)?
2, 19
Suppose 0 = -3*r + 2213 + 544. Suppose 3*v + 4*h + 314 - r = 0, -v + 3*h = -219. What are the prime factors of (4/(-3))/((-1)/(v/3))?
2, 23
Suppose -5*q - 3*s + 25 = 0, 5*q = -0*q + 4*s - 10. Suppose 804 = q*j - 2*z, 5*j + 2*z = -z + 1970. List the prime factors of j.
397
Let h be (-4)/(-10) - 2816/(-160). Suppose h*v - 4655 = 24775. List the prime factors of v.
3, 5, 109
Let m = 119483 - 69311. What are the prime factors of m?
2, 3, 37, 113
Let u(q) be the first derivative of 8*q**3/3 + 12*q**2 + 195*q - 33. What are the prime factors of u(-8)?
5, 103
Let k(m) = 5*m**2 + 6*m - 92. Let c be k(12). Suppose -18*u = -23*u + c. List the prime factors of u.
2, 5, 7
Suppose 4*u + 0 + 12 = 0. Let s be u/(-2 - 71/(-34)). Let o = s - -117. List the prime factors of o.
83
Suppose 3*x - q = -5*q + 1846, -3*x - 3*q + 1851 = 0. Let a = -375 + x. Let c = a - 49. List the prime factors of c.
2, 3, 11
What are the prime factors of 120*(-3)/(-27)*(-3321)/(-12)?
2, 3, 5, 41
Let c(v) = 4*v - 1. Let r = 186 + -183. List the prime factors of c(r).
11
Let b = -8020 + 22707. List the prime factors of b.
19, 773
Let q(m) = 12*m - 164. Let z be q(14). What are the prime factors of 410 - (z + (-3 - -1))?
2, 3, 17
Let t = 639 + 7653. What are the prime factors of t?
2, 3, 691
Suppose -34 - 6 = -10*c. Suppose -4 - c = 4*h. List the prime factors of 25/h*(0 - 6).
3, 5
Let y(h) = -h**3 - 28*h**2 - 452*h - 233. List the prime factors of y(-37).
2, 3, 7
Let b be (5/(-4))/(2/(-16)). What are the prime factors of (880/(-12))/b*-159?
2, 11, 53
Suppose 3*a - b - 624 - 1657 = 0, -a - 3*b = -777. Suppose 7*j - 2113 = -a. List the prime factors of j.
193
Suppose 4*s = y + 13, -10 = -3*s + y + 1. Suppose 2*p - p = -2*r + 316, 789 = 5*r + s*p. List the prime factors of r.
157
Suppose -2*y - 3*y = -25, -5*i - 15 = -5*y. Suppose 0 = -i*k + 217 + 355. List the prime factors of k.
2, 11, 13
Let s = 69 - 76. Let u(a) = 2*a**2 + 7*a - 12. Let k be u(s). Let o = k - 31. What are the prime factors of o?
2, 3
Let m(p) = -7*p**3 + 2*p**2 - 6*p + 27. Let d(b) = 8*b**3 - 2*b**2 + 7*b - 28. Let l(s) = 6*d(s) + 7*m(s). List the prime factors of l(0).
3, 7
Suppose -4*x - 3*k + 2 = -5*x, 0 = 4*x - 3*k + 8. Suppose 5*d = 178 + 47. Let v = x + d. What are the prime factors of v?
43
Suppose -2*u - 6110 = 14. Let z = -1118 - u. List the prime factors of z.
2, 3
Suppose 4*z = 20*z + 6*z - 123266. List the prime factors of z.
13, 431
List the prime factors of (-364)/42*(6 + -1005).
2, 3, 13, 37
Suppose -3*d = 5*y - 34, -2 + 30 = 4*d - 2*y. Suppose 0 = 4*c + d - 4, -3*c = i - 26. What are the prime factors of i?
29
Let x = -17659 - -31113. What are the prime factors of x?
2, 7, 31
Let k(v) = 10*v - 49. Let a be k(6). Suppose 0*g - 66 = -a*g. Suppose 2*t + t = 3*h - 456, -3*t = -g. What are the prime factors of h?
2, 7, 11
Let s(w) be the second derivative of w**5/20 - w**4/2 + 5*w**3/6 + 3*w**2 + 8*w. Let g be s(3). List the prime factors of (-8 - (-494)/3) + (-8)/g.
2, 79
Let j(p) = -p**2 + 2*p + 8. Let z be j(0). List the prime factors of z/3*(-17550)/(-72).
2, 5, 13
Let k be ((-928)/10)/(4 + 126/(-30)). List the prime factors of (-76)/(-16)*k/4.
19, 29
Let d = 351 - 78. List the prime factors of (-5)/(-2)*12/(-15) + d.
271
Let u(z) be the first derivative of 25*z**2 + 6*z - 66. List the prime factors of u(6).
2, 3, 17
Suppose -2669 = -2*j - 15*j. Let m = j + -130. List the prime factors of m.
3
Suppose -8*z = -25*z + 32012 + 42618. What are the prime factors of z?
2, 5, 439
Let y be (-6)/(-3)*(5 - 3). Suppose 3*f + 30 = -4*x, 0 = 4*x + 7 + 5. What are the prime factors of (f/y)/(0 + 3/(-88))?
2, 11
Let l(a) = 49*a**2 + 4*a + 3. Let p be l(-1). Suppose -120 = -6*h + p. Suppose -6*u + h = -374. What are the prime factors of u?
67
Let t(s) = s**3 - 6*s**2 + 20*s + 30. Let a(w) = -2*w**3 + 11*w**2 - 41*w - 59. Let c(p) = 4*a(p) + 9*t(p). List the prime factors of c(9).
97
Let t = 21197 + -3635. What are the prime factors of t?
2, 3, 2927
Let f(c) = 5*c**2 - 5*c + 25. Let l be f(3). Suppose -59*p + l*p + 2088 = 0. What are the prime factors of p?
2, 3, 29
Let g(p) = 288*p + 3500. List the prime factors of g(53).
2, 4691
Let x(d) = 17*d - 112. Let w = 848 - 818. List the prime factors of x(w).
2, 199
Suppose 388*n - 528*n + 379680 = 0. List the prime factors of n.
2, 3, 113
Let w(j) = -282*j - 8. Let n be w(-6). Suppose 4*v = -0*v + n. Suppose -6*m = -53 - v. List the prime factors of m.
79
Suppose -1096 = 9*f - 97. Let v = 248 - f. List the prime factors of v.
359
Let l = 262 - 268. List the prime factors of (6 + 2325*-1)/(l/4).
2, 773
Let z(k) = 196*k**2 + 49*k - 59. List the prime factors of z(15).
2, 29, 193
Suppose 0 = 3*f - 3, -7*f - 33907 = -5*y - 4*f. What are the prime factors of y?
2, 3391
Let n = 301 - -908. What are the prime factors of (n - 0)*(-7)/(-21)?
13, 31
Let i = 42637 + -20763. What are the prime factors of i?
2, 10937
Let q be ((22/(-55))/2)/(1/(-20)). List the prime factors of 863 - ((1 - (2 - q)) + -1).
3, 7, 41
Let n be 2/5 + (-24)/(-15). Suppose n = -x + 7. Suppose 0 = -4*p + i + 549, x*p + i = 294 + 381. List the prime factors of p.
2, 17
Suppose 15*j + 15*j = -17*j + 210654. What are the prime factors of j?
2, 3, 83
Let b(k) = k**3 - 12*k**2 + 18*k + 22. Let s be b(10). Suppose -s*x = -2*r - 3*r - 761, 4*r = 5*x - 1860. What are the prime factors of x?
2, 23
Let p(o) = -2242*o + 387. List the prime factors of p(-5).
11597
Let b be 10/(-12) + -1 + (-20631)/18. Let s = b + 2191. List the prime factors of s.
7, 149
Let w = 38 - 34. Suppose 5*h + 183 = n, -w*h - 342 = -2*n - 0*h. Suppose 47 - n = -3*g + 2*a, 0 = -5*g + a + 198. What are the prime factors of g?
2, 5
Suppose -7*r = -12*r - 125. Let y = r - -37. List the prime factors of (-4)/6 - 5*(-76)/y.
31
Let x(j) = -1105*j**3 + 5*j**2 + 3*j. List the prime factors of x(-2).
2, 19, 233
Let b(o) = 9*o - 1. Suppose 16 + 38 = -3*p. Let l = p - -23. List the prime factors of b(l).
2, 11
Suppose -8*h + 5*h + 27 = -3*j, 7 = -2*h - 3*j. Suppose 3*y - 227 = 4*z, z - 126 = -h*y + 183. List the prime factors of y.
7, 11
Let m(a) = 3*a + 6. Let f be m(-3). List the prime factors of (4 + f)/(7/539).
7, 11
Suppose 4*x = -u + 3421, -1820 + 96 = -2*x + 4*u. Let h = -497 + x. List the prime factors of h.
359
Let f = 1418 + 10317. What are the prime factors of f?
5, 2347
Let o(g) be the second derivative of -3*g**5/5 - g**4/4 - g**3/6 + 3*g**2/2 + g. Let w be -1*8/(-44) + 24/(-11). List the prime factors of o(w).
89
Let f = 139 - 134. Suppose -1056 + 41 = -f*c. What are the prime factors of c?
7, 29
Suppose -212408 = -61*r + 59591. What are the prime factors of r?
7, 13
Let u be (-12)/(-16) + (-445)/(-20) + -7. Suppose -u*n + 280